 65 = -v - l, -r*l + 3 = 0. List the prime factors of v/(-3)*33/22.
2
Suppose -3*z + 4*o = 79 + 58, -3*z - 2*o = 161. List the prime factors of (3 - (z + -2))*112/28.
2, 7
Let u be (-30)/20*(-2)/3. Let k be 7 + -7 + 1 + u. Suppose -k*m + 561 = 4*x - 69, x + 4*m = 147. List the prime factors of x.
3, 53
Let k = -1368 + 668. Let n = k + 976. List the prime factors of n.
2, 3, 23
Let b(o) = o**2 + o - 89. Let z be b(9). List the prime factors of ((-4568)/(-12))/(6/9) - z.
2, 3, 5, 19
Let g(p) = -7*p**3 + 2*p**2 - 16*p - 19. Let v be g(-6). Let y = v - -111. Suppose 0 = 5*i - d - y + 639, -d + 1137 = 5*i. What are the prime factors of i?
227
Let y(r) = 16*r**2 + 142*r + 1175. What are the prime factors of y(-8)?
1063
Let l(p) = p**3 - 8*p**2 + 2*p + 67. Let r be l(7). Suppose -r*h + 35*h = 822. What are the prime factors of h?
2, 137
Let w(n) be the first derivative of -n**3 - 9*n**2 + 11*n + 1. Let q be (60/(-50))/(4*2/40). List the prime factors of w(q).
11
Let q be 3/(21/(-60) + 10/(-25)). Let s(j) = -16*j**3 + j**2 + 25*j - 1. What are the prime factors of s(q)?
3, 313
Let i be (-6)/10 + 882/45. Suppose 2086 = -i*v + 12118. List the prime factors of v.
2, 3, 11
Let u(m) = 470*m**2 - 258*m + 10. List the prime factors of u(11).
2, 3, 9007
Let a = -3461 + 7305. What are the prime factors of a?
2, 31
Let z(p) be the first derivative of 7*p**4/4 + p**2/2 - p + 27. What are the prime factors of z(3)?
191
Let o(b) = 96*b**3 + 25. What are the prime factors of o(4)?
31, 199
Let s(w) = -72*w**3 - 7*w**2 - 11*w - 24. Let v be s(-5). Suppose -22*k + 4*k + v = 0. List the prime factors of k.
2, 3, 41
Let p be -6*(-3)/4*2/(-3). Let m be 46 - (-2 - (-2 - p)). Suppose -h = -a - m, -3*a + 61 = h - 0*h. What are the prime factors of h?
2, 13
Suppose 0 = -6*n - 206 - 52. Let p = 55 + n. Suppose -p*k + 1427 + 949 = 0. What are the prime factors of k?
2, 3, 11
Let c = 8421 - 555. What are the prime factors of c?
2, 3, 19, 23
Suppose -8*j + 19 = 1603. Let r(q) = 37*q - 1. Let s be r(-8). Let v = j - s. What are the prime factors of v?
3, 11
Suppose 72*y - 71*y + 303 = 0. What are the prime factors of y*((-64)/24)/1?
2, 101
Let s = 135 - 152. What are the prime factors of ((-20)/170 + (-19)/s)*229?
229
Suppose 2*q + s - 3525 = 0, 15*q = 10*q - 2*s + 8815. Let h = q + -1040. What are the prime factors of h?
5, 29
Let n = 8054 + -1955. List the prime factors of n.
3, 19, 107
Suppose 5*o = -g + 267349, 611*o + 2*g - 106930 = 609*o. What are the prime factors of o?
11, 4861
Let k(a) = a**3 - 41*a**2 - 88*a + 179. List the prime factors of k(52).
3, 7, 17, 71
Let h(v) = 518*v - 7602. List the prime factors of h(21).
2, 3, 7, 13
Let r(b) = -4*b + 5. Let g be r(-4). Let j be (-1)/(g/(-180))*(-7)/1. List the prime factors of (264/10)/(-2 - 129/j).
2, 11
Suppose -308*d + 6198320 = -228*d. List the prime factors of d.
77479
Let h = 44 - 28. Suppose -3*t = 2*n - 0*t - 8, -2*t = 4*n - h. What are the prime factors of 105/20*n - 0?
3, 7
Suppose -4*c + 2*o + 95256 = 0, 16586 = 2*c + o - 31050. What are the prime factors of c?
2, 13, 229
Let f = 80 - 73. Suppose f*q - 1015 = 2*q. Suppose 5 = -3*o + q. What are the prime factors of o?
2, 3, 11
Suppose -2*t + 55 = 47. Suppose -t*h = 3*u - 18, 5 - 17 = -h + 3*u. Suppose -h*d - 926 + 2534 = 0. What are the prime factors of d?
2, 67
Let p be 4/14 - 121/7. Let k(s) be the third derivative of -s**4/8 + 35*s**3/6 + 1235*s**2. List the prime factors of k(p).
2, 43
Let p(m) = -1610*m + 17. List the prime factors of p(-5).
3, 2689
Let s = 42 + -37. Suppose 2*u - 22 = -5*i, 23 = 5*i + s*u - 2*u. Suppose 0 = 5*z - 7*h + 4*h - 33, -i = -h. What are the prime factors of z?
3
Let q be 10 + (1/((-3)/(-9)) - 1). Let x be (2/4)/((-1)/(-8)). Suppose -x - q = -n. List the prime factors of n.
2
Suppose 3*l = -2*t + 12846, 2*l - 4781 = 2*t + 3793. What are the prime factors of l?
2, 3, 7, 17
Let v be 0 - (-12)/4*3. Let n be 8*4/(-8) + v. Suppose -5*p - m + 365 = 0, 2*p - 44 - 129 = n*m. List the prime factors of p.
2, 37
Suppose 5*g = 2*g - 468. Suppose 14*p = 8*p - 18. List the prime factors of p/(2/104*g/65).
5, 13
Let j = 1295 + -386. Suppose 4*x + j - 2801 = 0. What are the prime factors of x?
11, 43
Suppose 2*f - 1655 = -r, 7*f = 3*f - r + 3311. Suppose -588 = -12*l + f. List the prime factors of l.
2, 59
Let k = 12673 - 9969. What are the prime factors of k?
2, 13
Suppose -73784 + 110194 = 9*n - 122575. List the prime factors of n.
5, 3533
Let a = 1409 - -7764. What are the prime factors of a?
9173
Suppose -18 = -h + 4*o, 5*o + 9 = 2*o. Suppose 5*l - 4*b + 2 + h = 0, 3*b + 25 = -4*l. List the prime factors of -1 + -1 - (l*13 + 0).
2, 5
Suppose -3*q + 1276 = -80. Let r = 201 + q. List the prime factors of r.
653
Let z(k) = 5*k**2 - 22*k - 1. Let c(s) = 15*s**2 - 65*s - 2. Let p(v) = -2*c(v) + 7*z(v). List the prime factors of p(-6).
3, 107
Let w = 30 - 23. Suppose 0 = -w*k + k. Suppose k = 7*b - 3*b - 364. List the prime factors of b.
7, 13
Suppose -58641 + 45782 = -29*j + 216415. What are the prime factors of j?
2, 59, 67
Let g(t) = 1012*t**2 - 230*t - 1227. What are the prime factors of g(-5)?
11, 2293
Let d = 324 - 284. What are the prime factors of (-8862)/(-140) + (-12)/d?
3, 7
What are the prime factors of (-3179892)/(-33) - (10 - 636/66)?
2, 3, 5, 11, 73
Let d be (-2*(2 + -3))/(7/14). Suppose 0 = -4*l + d*g + 640, -l + 637 = 3*l - 5*g. List the prime factors of l.
163
Let f = -18407 - -26655. What are the prime factors of f?
2, 1031
Let r(i) = i**3 + 7*i**2 + 8*i - 4. Let q be r(-4). Suppose 2*j - 34 = -q. What are the prime factors of ((-268)/10)/(j/(-55))?
2, 67
Let j be 39/4 - 15/20. Suppose -10*f = 278 + 562. What are the prime factors of f/(-378) - -1*511/j?
3, 19
Let j = 75 - -350. Suppose -v - 3*r = 267, -2*v = 5*r + j + 112. List the prime factors of v/14*(-140)/10.
2, 3, 23
Let v = -25 + 27. Suppose -5*d - v = -7. Let x(t) = 2*t**2 + t. What are the prime factors of x(d)?
3
Suppose 2*q - w + 500 = 0, 3*q + 4*w = -736 - 25. Let t = -200 - q. List the prime factors of t.
3, 17
Suppose 0 = -w - 6*u + u - 1212, 2*u - 3653 = 3*w. Let s = w - -1994. List the prime factors of s.
3, 7, 37
Let g = 14489 - 1902. List the prime factors of g.
41, 307
Let u(k) = 2744*k - 1764. What are the prime factors of u(4)?
2, 7, 47
Let t be 2*(-1 + 13/2). Suppose 3*g + 2*u - 30 = 0, 4*u = -2*g + 6*g - 40. Suppose g*b = t*b - 93. List the prime factors of b.
3, 31
Suppose -4 = -5*r - 4*n, -3*r = 8*n - 3*n + 8. Let b(d) = 0*d**2 + d + 7*d - r*d + d**2 + 17. List the prime factors of b(-5).
2, 11
Suppose -44 = 4*v - 56. Suppose z - 1646 = -3*q, 4926 = -z + 4*z - v*q. List the prime factors of z.
31, 53
Let d(h) = 53*h**2 - h + 3. Let x be d(1). Suppose -16 + x = 13*s. Suppose -99 = -s*k + 5*t, t + 0 = -3. List the prime factors of k.
2, 7
Suppose -21*i + 79049 + 251638 = 0. What are the prime factors of i?
3, 29, 181
Let r be (-197)/11 - (-33)/(-363). Let u(w) = 4*w**2 - 29*w - 131. List the prime factors of u(r).
7, 241
Suppose 3*t + 2*o - 597 = 0, 3*o = t - 148 - 51. What are the prime factors of t?
199
Suppose -2992701 = -10*h - 124*h - 45*h. What are the prime factors of h?
3, 5573
Let c = 18 - 16. Suppose c*y - 2*y - 3*y = 0. Suppose y*u - 36 = -u. What are the prime factors of u?
2, 3
Suppose -440200 = 929*v - 954*v. What are the prime factors of v?
2, 31, 71
Let b = 25817 - 932. What are the prime factors of b?
3, 5, 7, 79
Suppose -5*y = -5*o - 75, -4*o = 2*y + 24 + 36. Suppose 4*z + 1 = -3. What are the prime factors of (-11 - o) + (9 - z)?
2, 7
Let d(v) = 13*v**3 + 43*v**2 - 19*v + 11. What are the prime factors of d(8)?
3, 3089
Let z(t) = t**2 - 2*t + 2. Let i be z(0). Let v be 639*(1 - i/(-6)). Suppose 6*o + 0*o = v. List the prime factors of o.
2, 71
Suppose -12*y + 1 = -47. Suppose y*r - 408 - 248 = 0. What are the prime factors of r?
2, 41
Suppose 95*k = 81*k + 235536. What are the prime factors of k?
2, 3, 701
Let w(s) = 742*s**2 - 50*s - 292. List the prime factors of w(-9).
2, 5, 23, 131
Let p = -4377 - -5418. List the prime factors of p.
3, 347
List the prime factors of 7534 - (7/4)/((-6)/(-24)).
3, 13, 193
Let z(d) = d**2 + 34*d - 108. Let u be z(-37). Suppose u*y + 1218 = 17*y. List the prime factors of y.
3, 29
Let u(n) = -3*n**3 -